of o.
2, 3
Let p = -7 + 6. Let x = 10 - p. List the prime factors of x.
11
What are the prime factors of (20/15)/((-4)/(-102))?
2, 17
Suppose 6*c - 5*c = 40. What are the prime factors of c?
2, 5
Let z(v) = -v. Let b be z(-2). Let p be (b/(-4))/1*-8. Suppose -p*u = 11 - 55. What are the prime factors of u?
11
Let m = 25 + -21. Suppose 55 = g + m*g. List the prime factors of g.
11
Let b(v) = -12*v - 13. List the prime factors of b(-6).
59
Suppose -5*b - u + 323 = -408, -148 = -b - 2*u. What are the prime factors of b?
2, 73
Suppose -o + 56 = -30. Let z = -45 + o. Suppose 0 = 4*d - z + 5. What are the prime factors of d?
3
Let n(h) = 4*h - 2. Let u(r) = 3*r - 2. Let a(c) = 2*n(c) - 3*u(c). List the prime factors of a(-8).
2, 5
Suppose 4*b = -6 + 18. Suppose -b*r - 101 = -5*o - r, -2*r = -3*o + 63. Let a = o + -12. What are the prime factors of a?
7
Let x be (3 - 11)/(-1 + -1). Suppose -x*c + 13 = -15. What are the prime factors of c?
7
Let i(p) = p**2 - 2*p - 1. Let s(a) = -a. Let d(z) = i(z) - 2*s(z). What are the prime factors of d(5)?
2, 3
Let p be 1 + -2 + (1 - -5). Suppose 2 - 12 = -p*b. Suppose b*f - f = 12. List the prime factors of f.
2, 3
What are the prime factors of (-3 + 1)/(3/(-138))?
2, 23
Let k(s) be the second derivative of s**5/15 + s**4/8 - s**2 - 2*s. Let t(m) be the first derivative of k(m). List the prime factors of t(-2).
2, 5
Let u = 6 + -3. Suppose 15 = -5*n, u*w = 6*w + 2*n. Suppose 0 = 5*k - w*z - 88, z + 52 = -0*k + 3*k. What are the prime factors of k?
2
Let n = 4 - 5. What are the prime factors of n/(-3) + 34/6?
2, 3
Suppose -4*u - 5*i = -15, 0*u - 3*u = -3*i - 18. Suppose -u*v = 2*j - 26, 4*v + j - 10 = 2*v. List the prime factors of v.
2, 3
Let c(r) = -8 - 14*r + 5 + 4. What are the prime factors of c(-2)?
29
Suppose f - 1 - 1 = -2*j, 3*j = -5*f + 3. What are the prime factors of (j - -6) + 0 - 2?
5
Let y(b) = -b**2 - 10*b + 3. Let j be y(-10). List the prime factors of ((-2)/(-6))/(j/261).
29
Suppose -4*d + 18 = -d. Let q be 3*d/(-9) - 2. List the prime factors of (-9 - -4)/(2/q).
2, 5
Let b(t) = -t**2 + 10*t - 12. Let s = 19 + -11. What are the prime factors of b(s)?
2
Let d(g) = 4*g + 1. Suppose 0 = -2*x - 0 + 2. Let i be d(x). Suppose -5*h + 3*h = 4*y - 34, h + i = 0. List the prime factors of y.
11
Let k be 32/6 + 4/6. Suppose -2 = 2*v - k. Suppose -2*n = 2*o + v*o - 22, -2*o + 26 = -2*n. What are the prime factors of o?
2
Suppose -5*m = -5*h - 58 - 452, m - 112 = -h. What are the prime factors of m?
107
Let j be 130/14 + (-2)/7. Suppose 0 = -2*c - 3*n + j, -4*c - 5*n + 14 = -c. List the prime factors of c.
3
Let h(y) = -7*y + 4*y + 5 - 2 + y**2 - 6*y. List the prime factors of h(9).
3
What are the prime factors of (-11)/(-1) + (-5)/(-5)?
2, 3
Let d be (-1)/(2*3/(-18)). Suppose 4*k - d*f - 28 = -f, -3*f + 12 = 0. List the prime factors of k.
3
Let h(z) = -3*z - 3. Let l be h(3). What are the prime factors of (8/l)/(6/(-207))?
23
Suppose 2*o = -c + 11, 5*c - 4*o - 62 = 3*c. What are the prime factors of c?
3, 7
Let t be 4 + (0 + -1 - -2). Let o(r) = r**2 + 2 + 9*r + t*r - 4*r. List the prime factors of o(-10).
2
Suppose 486 = 48*d - 45*d. List the prime factors of d.
2, 3
Suppose -5*o + 3*o = 0. Suppose y + y + 16 = o. What are the prime factors of (2/1)/(y/(-52))?
13
Let m(v) = 4*v**2 + 2*v + 1. Suppose 3*j = -5*u - 2*j + 20, -6 = -5*u + 2*j. What are the prime factors of m(u)?
3, 7
Suppose 0 = 3*l - 17 + 2. What are the prime factors of l?
5
Let j(k) be the first derivative of -k**4/4 + 5*k**3/3 + 3*k**2/2 + 4*k + 1. Let l be j(4). Suppose f + f - l = 0. List the prime factors of f.
2
Let r(t) = t**3 + 3*t**2 + 2*t + 3. Let n(x) = -x**2 - 9*x - 10. Let k be n(-8). What are the prime factors of r(k)?
3
Let h(o) = o**2 - 3*o + 1. Let p(b) = b**2 - 4*b. Let m(q) = 3*h(q) - 2*p(q). Let a be m(0). Suppose -a = -5*u + 72. List the prime factors of u.
3, 5
Suppose -3*q + 243 = -2*z, 5*q + 156 = -3*z + 542. List the prime factors of q.
79
List the prime factors of 70 - (-6 + (-4 - -7)).
73
Let a = -15 - -12. What are the prime factors of a/(-1 - (-16)/20)?
3, 5
Let l(a) = 5*a**2 + 2*a - 6. What are the prime factors of l(6)?
2, 3, 31
Let d = -3 - -3. List the prime factors of 0/1 - -19 - d.
19
Let u(g) be the first derivative of 3 + 5*g - 1/4*g**4 + 0*g**2 + 1/3*g**3. List the prime factors of u(0).
5
Suppose w - 10 = -5*t + 2*w, 14 = 3*t + w. Suppose 2*v - 3*v = -5*n - 28, -4*v - t*n + 20 = 0. List the prime factors of v.
2
Let u(n) = -n**3 + 8*n**2 - 8*n + 9. Let a be u(7). Suppose 3*b = -5*d + 3*d + a, -3*d = -2*b - 3. Suppose b = -3*x + 33 + 3. List the prime factors of x.
2, 3
Let y(f) = f + 9. Let c be y(-5). Let d(w) = w**2 - 3*w + 2. Let m be d(c). List the prime factors of (-27)/12*(-16)/m.
2, 3
Let t = 4 - 0. Suppose -v + 3 = t*x, v - 3*x = 3*v - 11. What are the prime factors of v?
7
What are the prime factors of 184 - (-1 + 8/(-4))?
11, 17
Let r be (-148)/(-28) + 4/(-14). Suppose -r*k + 39 = -36. Suppose 2*h + 3*h = k. List the prime factors of h.
3
Suppose -5*y = -0*y - 15. Suppose -5*g + y*l = 6*l - 116, -3*g = 2*l - 70. List the prime factors of g.
2, 11
Suppose -5*v - 75 = -z + 107, 5*z = -v + 988. List the prime factors of z.
197
Suppose 2*l + w - 5 = -1, 3*l - 15 = 3*w. Let b = -9 + 23. Let i = l + b. List the prime factors of i.
17
Let z = 4 + -1. Suppose -b = -z*b + 40. List the prime factors of b.
2, 5
Let q = -207 - -312. List the prime factors of q.
3, 5, 7
Let w(i) = -i**3 + 10*i**2 + 14*i - 9. Let a be w(11). Suppose 5*q + y + 2*y = 7, 4*q = 5*y - a. List the prime factors of (q - -3)*15/6.
5
Suppose 0 = -0*x + 2*x - 28. Let v = x - -10. Suppose -i + v = i. List the prime factors of i.
2, 3
Suppose 3*u - r - 2*r - 15 = 0, 5*u + 4*r = 25. Suppose -u*i + 116 = 6. List the prime factors of i.
2, 11
Suppose -3*j = g - 3, g - 27 + 10 = 4*j. Suppose 6 = -5*l - 4*d, -3*l = -8*l - d - g. What are the prime factors of (-1 - l)*(-2 + 15)?
13
Let g be (0 - 7/3)*-3. Suppose 0 = 2*m + 3*f - g, 0*m - 5*m - f + 37 = 0. List the prime factors of m.
2
Let s(g) = -g - 1. Let w be s(-1). Suppose 0 = d + 3*d - 28. Suppose w*h - h + d = 0. What are the prime factors of h?
7
Suppose -2*r + 0 = -8. Suppose 2 - 18 = -r*f. Suppose 1 = -f*d + 49. List the prime factors of d.
2, 3
Suppose -20 = 3*u - 8. Let q = 10 + u. What are the prime factors of q?
2, 3
Let h = 338 - 163. List the prime factors of h.
5, 7
Suppose 2*i = v - 8, -4*v + i = -2*i - 17. Suppose -62 = -0*f - v*f. What are the prime factors of f?
31
Let i be 0*(4/(-1))/8. Suppose -5*j + 52 + 53 = i. What are the prime factors of j?
3, 7
Suppose 3*j = 5*c + 58, c - 4*c - 54 = -3*j. Let z = -1 + j. What are the prime factors of z?
3, 5
Suppose -n + j + 25 = 0, -2*j = 5*n - 128 + 3. Suppose w - 5*w = 60. Let o = w + n. List the prime factors of o.
2, 5
Suppose 3*t - 8*t + 10 = 0. Suppose 0*u = -t*u + 6. Suppose -5*k - 38 = o - 3*o, u*o - k - 31 = 0. What are the prime factors of o?
3
Suppose -5*f + 5*v + 274 = 39, 0 = 2*f + v - 79. What are the prime factors of (0 - 1)/((-1)/f)?
2, 3, 7
Suppose -5 = -4*f + 7. Suppose -3*w + 42 = -0*w - 3*k, 0 = -f*k. Suppose 2*r + w = 4*r. List the prime factors of r.
7
Let w(r) be the first derivative of r**2/2 + 2*r + 3. What are the prime factors of w(2)?
2
Let t(s) be the third derivative of -s**6/60 - s**5/12 + 2*s**3/3 - 7*s**2. What are the prime factors of t(-4)?
2, 13
Let v = -62 + 95. List the prime factors of v.
3, 11
Let v be -2 - (38/(-2) - 0). Suppose -4*g = -v + 1. List the prime factors of g.
2
Let u be -1 - (0 + (2 - 3)). Suppose -10 + u = -5*h. Suppose 2*w - 8 = 2*j, 4*w - 5*j - h = 10. What are the prime factors of w?
2
Let f(n) be the first derivative of n**3/3 + 2*n**2 - 2*n + 4. What are the prime factors of f(-7)?
19
Let s = 9 + -6. Suppose 2*x = s*x - m - 12, -5*m = -2*x + 27. List the prime factors of x.
11
Let h(s) = -s**3 - 9*s**2 + s + 7. Let d be h(-9). Let v be (-4 - d) + 3 + 0. Let y = 3 + v. What are the prime factors of y?
2
Suppose -5*v + 6*v - 3 = 0. Suppose -2*f - 49 = -v*f. What are the prime factors of f?
7
Let z(o) = o**3 - 5*o**2 - 4*o + 2. Let k = 6 + 0. List the prime factors of z(k).
2, 7
List the prime factors of 1/(5/2020*4).
101
Let i = -215 - -287. List the prime factors of i